(j) = -3*j + 8 + 2*j + x*j - j. Determine g(-5).
3
Let c(n) = 3*n + 1. Let t(w) = w - 2*w + 5 - 6 - 2*w. Suppose -r + 1 - 2 = 0. Let v be t(r). Calculate c(v).
7
Let q(m) = 0*m - 12*m - 2*m**2 + 4*m + 2 - 1. Let p(b) = -5*b**2 - 17*b + 2. Let x = 5 - 11. Let d(z) = x*p(z) + 13*q(z). Calculate d(1).
3
Let x(s) be the third derivative of -s**4/4 - s**3/2 + s**2. Give x(-2).
9
Let k(r) = -r**2 + 3*r + 0*r - r + 1. Let t be (-2)/9 + 74/9. Suppose 0 = 3*g - g - t. What is k(g)?
-7
Let w = 61 - 61. Let g(z) = -z**3 + z**2 + z + 3. What is g(w)?
3
Suppose -4*w = 3*a - 0*a - 22, -3*a - 3*w + 21 = 0. Suppose -4 = o - j, 0 = 3*o + j + 2*j + a. Let x(i) = i**2 + 4*i + 3. What is x(o)?
0
Let o be -1*3 - (-8 + 11). Let v(b) = -b**3 - 7*b**2 - 5*b - 1. Determine v(o).
-7
Let p(h) be the second derivative of h**4/12 - 2*h**2 - h. Let w(x) = x - 14. Let z be w(0). Let a be 12/(-42) + (-4)/z. Determine p(a).
-4
Let t(c) = c**3 + 5*c**2 - 9*c - 7. Let o be t(-6). Suppose -m + r = 7, 3*r + o = -5*m - 0*r. Let f(z) = -z**3 - 4*z**2 + z - 1. Calculate f(m).
-5
Let b(s) = -s**2 + 4*s + 3. Let r be b(4). Let c(y) = -3. Let k(v) = v + 12. Let a = 7 - -2. Let g(t) = a*c(t) + 2*k(t). What is g(r)?
3
Let h(a) be the first derivative of -3*a**2/2 + 7*a + 28. Let f be 10/2 + -1 + 1. What is h(f)?
-8
Let n(f) be the first derivative of f**3/3 + 4*f**2 - 4*f + 58. Determine n(-9).
5
Let g(t) = -3*t**2 + 2*t - 2. Let s(f) = -2*f**2 - 2*f**2 + 4*f**2 - f**2 - 1. Let o(c) = g(c) - 5*s(c). Give o(-2).
7
Let v(a) = a + 4. Let r(q) = -q**2 + 6*q + 9. Let k = -4 - -11. Let w be r(k). Suppose w*d = -7 - 5. Give v(d).
-2
Let z(o) = 6*o**3 - o. Suppose -2*w - 20 = -6*w. Suppose w*v = 2 - 22. Let l = 3 + v. What is z(l)?
-5
Let s(l) = -4*l + 10*l - 5*l - 3. Calculate s(5).
2
Let o(s) = 3*s**2 - 18*s + 12. Let y(g) = -g**2 + 8*g - 6. Let r(d) = -2*o(d) - 5*y(d). Let j = 1 + -7. Determine r(j).
-6
Let x be (6/(-8))/(11/(-44)). Let o(f) = -f + 3. What is o(x)?
0
Let u = -6 - 1. Let s(v) = v**2 + 6*v - 10. Determine s(u).
-3
Let a(w) = 3*w + 1. Let u(y) be the third derivative of y**5/30 + y**4/12 - 3*y**2. Let i be u(-2). Suppose n - 1 = -i*n + 3*h, 4*n + 14 = -5*h. Calculate a(n).
-2
Let c(x) be the first derivative of -1 + 3/2*x**2 + 4*x - 2/3*x**3. What is c(3)?
-5
Let n(y) = y + 1. Suppose -9 = 3*m, 2*w - m = 3*w - 3. What is n(w)?
7
Let h(m) be the third derivative of -m**4/12 - 2*m**3/3 + 36*m**2. Determine h(-6).
8
Let g = 102 - 87. Let t(v) = v**3 - 16*v**2 + 15*v + 3. Give t(g).
3
Let v(h) = -h**3 - 3*h**2 + 2*h + 2. Let q be 3*(-2)/2 + 0. What is v(q)?
-4
Let j(f) = -f**3 - 3*f**2 + f - 2. Let l = -3 + 1. Let b be l + (3*-1 - -2). Give j(b).
-5
Suppose 0*a = 2*a - 8. Let o(f) be the second derivative of 0 - 1/4*f**a + 1/3*f**3 + 2*f + f**2. Give o(2).
-6
Let k(r) be the second derivative of -1/6*r**4 + 1/20*r**5 - r**2 + 3*r + 0 + 1/2*r**3. Give k(2).
4
Let n(d) = -d**2 + 4*d + 7. Let u(z) be the first derivative of 2*z**3 - z - 5. Let p be u(-1). Determine n(p).
2
Let j(i) = -i + 21. Let d be j(15). Let b(w) = w**3 - 5*w**2 - 4*w - 8. Determine b(d).
4
Let o(w) = -7*w**2 - 2. Let p(r) = -13*r**2 - 3. Let h(j) = 11*o(j) - 6*p(j). Let t = -127 + 124. What is h(t)?
5
Let u be (-2)/9 + (-152)/(-36). Let h(r) = r + 4*r + u - 2 - 4*r. Let o be (-1)/(-3) + 20/(-6). What is h(o)?
-1
Let w(y) = 196 - y - 201 - 4*y - y**2. Calculate w(-4).
-1
Suppose 0 = h - 5. Suppose 0 = s - 1 + 3. Let f(z) = 3*z**3 + 3*z**2 + 15*z - 1. Let x(a) = a**3 + 2*a**2 + 7*a - 1. Let t(b) = s*f(b) + 5*x(b). Calculate t(h).
-3
Let d(q) = -28*q + 24. Let r(b) = 2*b - 2. Let x(p) = -d(p) - 12*r(p). Let v(c) = -c**3 - 2*c**2 - 2*c - 1. Let h be v(-2). Give x(h).
12
Let n = -1 - -5. Let p(f) = -2 - 6*f - f**2 + n + f. Give p(-4).
6
Suppose u = -4*j + 12, 0*j - 2*j = 5*u - 6. Let a(c) be the third derivative of 5*c**4/24 - c**3/3 - c**2. Calculate a(j).
13
Let o(p) = -55*p - 5*p**2 + p**3 + 46*p + 6 + 0*p**3. What is o(6)?
-12
Suppose 0*q = -2*q + 2. Let b = 1 + q. Let m(j) = 4*j - 3*j + 5*j**b - 6 + j - j**3. Calculate m(5).
4
Let a(r) = r + 13. Let q(y) = -y**3 + 17*y**2 - 33*y + 36. Let c be q(15). Calculate a(c).
4
Let h(y) = 3*y**3 - y**3 - 3*y**3 + 2 + 2*y - 2*y**2. Calculate h(-3).
5
Let t(g) be the third derivative of g**5/60 - 3*g**4/8 + g**3/6 - 33*g**2. What is t(8)?
-7
Let y(z) = -4 - z - 7 + 3 + 6. Determine y(-1).
-1
Let k(r) = 0*r**2 + 4 + r**2 + r**3 - r - 3. Let s = -5 - -6. Calculate k(s).
2
Suppose -1 = -q + 1. Let n(l) = -l**3 + 0*l**3 - 16*l**2 + 15*l**2 - q. Calculate n(0).
-2
Let s = -15 - -22. Let y(c) = -s + 2 + c + 1. Suppose 0 = -4*b + 2*t + 10, 8 = -4*b + 7*b - t. Give y(b).
-1
Let b(t) be the third derivative of t**5/60 + t**4/12 + 2*t**3/3 - 4*t**2. Let w be (-11)/4 + (-1)/4. Calculate b(w).
7
Let a be 3/(9/6) - -3. Let p(x) = -1 + 0 + a*x - x**2 + 0*x**2. Suppose -4*q + 9 = -q. Give p(q).
5
Let f(q) = q**2 - 5*q - 3. Let u be (-12)/(-30) - (-168)/5. Suppose 0 = -5*c + 2*a + 38, -a = -c - 4*c + u. Calculate f(c).
3
Let w(c) = c**3 - 7*c**2 + 7*c - 5. Let z = -11 - -12. Let o be -9 + 14 - z*-1. Give w(o).
1
Let i be 0/(-4*1/(-2)). Let z(r) = -3*r + 1 + i*r + 4*r - 3. What is z(7)?
5
Let r(y) be the first derivative of -y**3/3 - 3*y**2/2 + 2*y + 3. Give r(-5).
-8
Let a(m) = m**2 + 5*m - 2. Let p be a(-6). Let d(r) be the second derivative of -r**5/20 + 5*r**4/12 - r**3 + r**2 + 50*r. What is d(p)?
-6
Suppose -8 = -0*f - 2*f. Let o = -1 - -6. Suppose 4*w = -d + o, -f*d + w - 6*w + 9 = 0. Let m(h) = -3*h**2 + 1. Give m(d).
-2
Let r(g) = 7*g - 36*g**3 + 6*g**2 + 18*g**3 + 19*g**3 + g**2. What is r(-6)?
-6
Let k(q) = q + 2. Let i = 8 - 0. Suppose 0 = -3*d + d - i. Determine k(d).
-2
Let k be (-28)/(-6) + (-3)/(1 + -10). Let r(y) = -5*y**3 + 9*y**2 + 3*y + 7. Let i(g) = g**3 - g**2 - g. Let q(b) = -4*i(b) - r(b). What is q(k)?
-2
Let i(c) = -c**2 - 7*c - 2. Suppose 0 = -5*d + 3*b - 12 - 21, -3*b = -3*d - 21. Let r be i(d). Let v(o) = -o + 1. Determine v(r).
-3
Suppose 3*m - 2*m = 3*s - 17, 3*s + 2*m - 2 = 0. Suppose -3 = -0*n + 3*n - 3*h, 0 = s*n + 5*h + 4. Let o(x) = 6*x + 1. Determine o(n).
-5
Let j(o) = -2*o**3 + 2*o**2 - o - 1. Let f be (-2)/6*(-7 - -1). Let b be ((0 + 1)*0)/f. Let h be b/(0 + 2) - -2. Determine j(h).
-11
Let c be ((-27)/6)/(1/2). Let v(g) = g + 10. Determine v(c).
1
Suppose 0*s = -5*s + 95. Suppose -12 = -5*t - 3*x, 0 = -5*t + x + 3*x + s. Let o(i) = -2*i**2 - i + 5*i**2 - i**t - 4*i**2 + 4. Determine o(0).
4
Let l(y) = y + 1. Suppose 3*x - 13 = -1. Suppose -4*u - x*o + 12 = 0, -4*u - 5*o = -0*u - 14. Suppose -d = -2*j - 2, 3*d - 4 - u = 5*j. What is l(d)?
1
Let h be 1 - ((-1)/(-1) + -2). Suppose 4*w + 9 + 11 = 0. Let d(x) = -3*x**2 + 3*x. Let z(f) = -7*f**2 + 7*f. Let n(g) = h*z(g) + w*d(g). Give n(-1).
2
Let w(f) = -2*f**3 + 3*f**2 + f - 3. Let h be w(2). Let o(y) = -2*y**2 - 7*y + 1. What is o(h)?
-14
Suppose 5*q + 0 = 15. Suppose -8 = -h + q*h. Let n(w) = -3*w - 3. Let f(z) = -13*z - 12. Let p(u) = 2*f(u) - 9*n(u). What is p(h)?
-1
Let j be 9*(-10)/3 - 0. Let v be (-4)/14 + j/(-7). Suppose w = v*w - 9. Let f(y) = y**3 - 3*y**2 - y - 1. Give f(w).
-4
Let b = 4 + -5. Let z be (1 + 2)/(0 + b). Let y(r) = -r - 4. What is y(z)?
-1
Let a(l) = -19*l**2 + 37*l**2 - 1 - 11*l**2. What is a(-1)?
6
Let s(m) be the first derivative of -5*m + 1/3*m**3 - 3 + 2*m**2. Calculate s(-5).
0
Let y(t) = -t - 1. Let a be (-100)/30*6/(-4). Suppose -a*p = p - 24. Give y(p).
-5
Let m(u) = u**3 - 1. Let q(a) = -a**3 - 7*a**2 - 5. Let x be q(-7). Let b(d) = 6*d**3 - 6*d**2 + 5*d - 10. Let t(g) = x*m(g) + b(g). Give t(5).
-5
Let g = 7 - 4. Suppose g + 7 = -2*b. Let c(n) = -n**3 - 5*n**2 - 2*n - 2. Calculate c(b).
8
Let o(z) = z**2 + 5*z - 7. Let n(g) = 4*g - 5. Let x be n(6). Suppose u - 4*v - 13 = 1, u = 5*v + x. Let w be o(u). Let b(q) = 4*q**2 - q - 1. Calculate b(w).
4
Suppose 5*j = 4*f + 10, 3*j = -5*f + 6*j - 6. Suppose 22 = 2*y + 3*n, y + 4*n + 3 = 24. Let q(s) = 4*s - 3*s - y - 3*s**3 + 4*s**3. Calculate q(f).
-5
Let i(d) be the second derivative of -d**3/3 + 5*d**2/2 - 3*d. Let p(c) = 2*c - 4. Let y(n) = 3*i(n) + 4*p(n). Calculate y(1).
1
Let a(h) be the third derivative of h**7/840 + h**6/120 - h**5/24 - 5*h**4/24 + h**3/6 - 2*h**2. Let c(f) be the first derivative of a(f). Determi